1 + 3 + (-3 - 0))?
6
What is the value of -5 - 1 - (-62 - -25 - -40)?
-9
Calculate -9 + (4 - (5 + -1)) - (-5 - 0).
-4
Calculate -10 - (1 - 12 - -8).
-7
Calculate 19 - (9 + -12 - -12) - (14 - -4).
-8
6 + -3 + 10 - 12
1
Evaluate -10 - (-9 + (2 - 5 - -11)).
-9
Evaluate -19 + 32 + (-21 - -7).
-1
Calculate 11 + (0 + -44 - -19).
-14
2 - -1 - (-5 + -4) - (-42 - -40)
14
0 + 1 + (82 - 83) - 5
-5
What is -211 + 208 + (0 - 27)?
-30
What is the value of -7 + (11 - (-15 - (-27 - -9)))?
1
What is the value of (0 - 7) + (7 - (-14 + -6))?
20
What is the value of 13 - 1 - ((6 - (1 + 21)) + 7)?
21
Evaluate 1 + (-10 - -2) - (68 - 76).
1
What is the value of (-2 - (14 + 2)) + 14?
-4
Evaluate -48 + 1 - (9 - 7 - (10 + 3)).
-36
What is the value of (-7 - (0 - 14)) + -23 + 5?
-11
3 - (5 + -8) - 12
-6
(-16 - -5) + (17 - 5) - (0 - 5)
6
0 - (-7 + (7 - 3) + 6) - 4
-7
Evaluate 25 + (-6 - 7) + 3 + -32.
-17
19 + (23 - 59) - -9
-8
-12 + 31 + -20 - (2 - 1)
-2
Evaluate (9 - -1) + -3 + (14 - 16).
5
What is the value of 6 + 12 + (-6 - (1 - 1)) + -2?
10
What is the value of (-3 - 5) + -17 + 23 + (-3 - 2)?
-7
Evaluate (5 - (2 + 0)) + (20 - 18 - 32).
-27
Calculate 0 + -19 + 10 + (-1 - 4) + 5.
-9
1 - (1 + (13 - 2) + -2 + -1)
-8
Calculate 21 + (-15 - 41) + 25.
-10
Evaluate 7 + 1 + -1 - ((19 - -12) + -11).
-13
Evaluate -2 + 2 + -1 + -11 - (-120 - -119).
-11
-3 + 4 + -13 + 16 + 2
6
(-120 - -97) + (-3 - (-10 - -2))
-18
What is the value of 0 + 16 - 2 - (0 - 23 - -21)?
16
What is the value of 6 + (-24 - (4 - 11))?
-11
What is the value of 27 - (10 + 13) - -30?
34
Evaluate (57 - 51) + (0 - 14) + 10.
2
What is -12 - ((-3 - -2) + -1 + 5 - 0)?
-15
Calculate (40 - 21) + -3 + -8.
8
Evaluate -7 + 0 - (-37 - -36).
-6
What is the value of -39 - 1 - (-20 + -6)?
-14
What is (1 - -16) + (-986 - -942)?
-27
(2 - -2) + (-32 - -31) + 10
13
What is -2 + -12 + (-1 - -5) - (-56 - -52)?
-6
Evaluate 3 + 3 + 1 + -27 + 22 + -6.
-4
Evaluate 3 - 7 - (-17 - (-7 + -2)) - 15.
-11
Evaluate -22 + (1 + 0 - 3) + 526 + -522.
-20
What is the value of 36 + (-16 - (5 + -1 + -14))?
30
What is (5 + 0 + -4 - 1) + -14?
-14
Calculate 1 + 16 + -26 + -24 + 14.
-19
Evaluate 4 + -7 + (-22 - -11) - 2.
-16
What is the value of -51 + 49 - (-1 + -1 + 4)?
-4
What is -47 + 93 + -36 + 4?
14
What is -59 - -47 - (2 + -3 - (-5 + 2))?
-14
What is -3 + -6 + 6 + -15 + 1 + 6?
-11
Evaluate (-77 - -84) + (-14 - 5) + -7 + 8.
-11
Evaluate -22 + 35 + -26 + 5.
-8
What is the value of -425 - -403 - (-20 + 0)?
-2
What is the value of -17 + 22 - (0 - -14 - (3 - -1))?
-5
What is the value of -3 + -11 - (-1 + 9 + 1 + -5)?
-18
-2 - -2 - ((0 - 1) + -38 + 40)
-1
Calculate 20 + -9 + -35 + 0.
-24
Calculate (33 - 31) + (1 + -1 - (-2 + 6)).
-2
19 + -4 + -3 + -1 + (3 - 0)
14
Calculate (-56 - -60) + 10 + -1 + -2.
11
What is 27 - ((5 - -25) + 4)?
-7
-5 + -1 - ((-17 - -6) + -6)
11
Calculate -16 + -1 + -7 + 14.
-10
What is the value of 15 + -1 + (-4 - (-8 - -8))?
10
5 - (-2 - (-4 - 3) - 10)
10
Calculate 1 + (6 - (9 + 12)) + 18.
4
Calculate 1 + 6 + 3 + 0 - 10.
0
What is -18 - (-12 + (11 - -1) + -15)?
-3
(8 - (23 + -7) - -5) + 7 + -1
3
What is the value of 8 + -9 + -6 - (8 + -23 - -4)?
4
What is -1 + -5 + 10 + -21?
-17
What is the value of -21 + -6 + 15 + -19 + 17?
-14
Evaluate 26 - (-1 - (-14 + 0) - 6).
19
What is 664 + -688 + (16 - 0)?
-8
17 - (12 + -16) - -2
23
What is the value of -5 - (-4 + 36) - -54?
17
-55 - -50 - (1 + -4 - 8)
6
Calculate (-4 - -18) + (-7 - -1) - 6.
2
What is 122 + -105 + (3 - (-3 - (-3 - -3)))?
23
-6 + (10 - (2 - (4 + -13)))
-7
What is -17 - 0 - ((5 - (-11 + 18)) + 0)?
-15
What is (-16 - (0 - 10)) + 9 + -5 - 1?
-3
What is 0 + 27 - (-215 + 264)?
-22
What is (-71 + 98 - 12) + 13 + -1?
27
What is -21 + (6 - (-1 - -13)) + 7?
-20
-51 - (-46 + 39 + -31)
-13
What is -3 - (1 - -9 - (18 + -20 - -4))?
-11
10 + (-8 - (19 - 15)) - -39
37
Calculate 1 + -1 - (-510 - -531).
-21
6 + 12 + 5 + -14
9
Evaluate -161 + 164 - (6 - -1) - -1.
-3
What is 14 + -46 + 0 + 14 - 13?
-31
What is -9 + (9 + -15 - 15 - -13)?
-17
301 + -326 + 19 + -1
-7
Evaluate (-21 - -14) + (14 - 1) - 23.
-17
-34 + -1 + 1 + -8 + 40 + -28
-30
Calculate -5 + (-5 - -8 - (0 - -8 - -8)).
-18
Evaluate -17 + 8 + (86 - 61).
16
Calculate 9 + -21 - (-21 - (0 + -1)).
8
(-14 - (-1 - 9)) + 4
0
What is the value of 6 - (3 + -15 + 1) - 4 - 3?
10
What is -5 - (9 + 3 + -7) - (-2 + -9)?
1
Calculate (-14 - (10 - 25)) + -8.
-7
Evaluate (3 - 2) + (-355 - -349).
-5
Evaluate (6 - (5 + 4)) + -19 + 5.
-17
What is the value of (25 + 2 - -2) + 44 + -52?
21
Calculate 6 - (-1 - 0) - (38 + -62).
31
What is the value of 39 + -20 + 0 - 30?
-11
Evaluate (10 - (-11 + 20)) + 1.
2
What is the value of -5 + (-11 + 2 - -16)?
2
What is the value of (19 - 16 - -2) + (-2 - -24)?
27
What is -431 - -422 - (1 + (-18 - 1))?
9
What is 45 + -34 - (1 + 5)?
5
Evaluate -2 + (-5 - 4) + 25.
14
What is -13 - (2 + -9 + -11 + 25)?
-20
What is -1 + 17 + (-23 - -57) + -37?
13
What is -13 + 0 + 2 + -6 + 2 + 3?
-12
Calculate 37 + 36 + -33 - 16.
24
-1 - (-3 + 14 - -1) - (11 + -16)
-8
Calculate -2 + (0 - -1) - (0 + -1 + 10).
-10
What is -15 + -4 - (-3 - (3 + -5 - -4))?
-14
What is the value of -38 - -25 - (-17 + 1 + -2)?
5
What is the value of 747 - 772 - (-1 - 4)?
-20
Calculate 6 - (19 + -37 - -28).
-4
What is -9 - -11 - (-2 - 4 - 9)?
17
Calculate (30 - 31) + (1 - 1) + 18 - 3.
14
Calculate 13 + -1 - (-12 + (-5 - -22)) - 4.
3
What is -27 - (7 + 0 + -19)?
-15
Evaluate 0 - -27 - (-49 + 65).
11
What is (-10 - 1) + (-2 - 11 - (-2 + -6))?
-16
18 - (1 + 2) - 5 - -3
13
Calculate 35 + 37 + -24 + -34.
14
Evaluate 221 - 217 - (-2 + 10 + -2 + 3).
-5
What is the value of ((-4 - -2) + -88 + 101 - 6) + -20?
-15
Evaluate 2 + (18 + -12 - (1 - (8 + -6))).
9
Calculate (-6 - (0 - -4)) + 20.
10
What is the value of 1 + (0 - 0) - (-12 + 10 + 2)?
1
Calculate -4 + -1 + (-433 + 446 - (-2 + -4)).
14
Calculate -4 + 0 + -17 - (32 + -30).
-23
What is -9 + 15 + -14 + -13?
-21
Evaluate -2 + -1 + 2 + 36 + -34 + -9.
-8
What is the value of 11 - (-7 + -5 + (-11 - -3 - -16))?
15
What is the value of 1 - (-4 + 17 + -11)?
-1
Evaluate -31 + (59 - 40) - (-28 - -1).
15
What is 57 + -40 + -35 + -9 - -12?
-15
Evaluate (3 - 26) + 95 + -68.
4
What is 232 + -203 - (5 - (-5 - -11))?
30
What is (-37 - -26 - 2) + (-4 - 3)?
-20
Evaluate -2 + (-9 - (-19 - (13 - 33))).
-12
Evaluate (18 - 12) + 3 + -2.
7
What is -1 - -27 - (-15 + 96 - 69)?
14
Calculate (2 - 3) + 9 - (-339 + 337).
10
Calculate -32 + -8 + (22 - (4 - 1 - -2)).
-23
What is (0 - 34) + (-147 - -166)?
-15
Calculate (14 - 28) + 19 - 31.
-26
Calculate (-5 - (-5 + 3)) + 377 + -383.
-9
Evaluate 2 - (-3 + 7 - (16 - (8 - 4))).
10
Evaluate 221 - 219 - (24 + (-2 - -1 - 2)).
-19
Evaluate -5 + -17 + 8 - -5.
-9
What is -17 + 15 - (-9 + 5 + 1)?
1
What is 10 - ((25 - 48 - (-3 - -3)) + 2)?
31
Evaluate 44 - (-14 - -21 - -7).
30
What is -18 - (-18 - 3) - (0 - 1 - -1)?
3
(8 - -1) + (-20 - -3) + -379 + 355
-32
What is the value of 7 - (-4 + 1) - (-184 - -190)?
4
What is the value of 13 + -2 + (2 - 19) + -2?
-8
7 - (0 + 2) - (22 - (-19 - -22))
-14
Evaluate -5 + (8 - (-1 + 34 - 5 - -8)).
-33
What is 6 + (-10 + 6 - 6) - 4?
-8
Calculate 0 - 6 - (-26 - (39 - 42)).
17
Evaluate 16 + -9 + (-14 - 5) + 32.
20
-826 + 829 - (0 - (-9 - 0))
-6
-2 - 29 - (-1451 - -1393)
27
What is the value of -10 + 11 - (7 - (3 - (-2 - -4)))?
-5
Calculate 6 + (-2 + 9 + 0 - 1) + -19.
-7
Evaluate 2 + (-8 - 6) - -3.
-9
What is the value of 1 - -8 - (46 + -21)?
-16
(-348 - -363) + (2 - 35)
-18
What is 2 - 5 - 2 - (226 - 229) - 3?
-5
Evaluate (-11 - -27) + 5 + -29.
-8
Calculate 4 - (-3 - (-1 + 0 - (0 + -1))).
7
What is the value of -3 - (-1 + 14 - (12 + -5))?
-9
Calculate -2 - (9 + -13) - (1 - (-3 - -4)).
2
What is the value of -12 - ((-34 - (-3 - -1)) + -2)?
22
What is the value of 9 + (-10 - (7 + -30 + 8 + 6))?
8
-12 - (-18 + -2) - (-6 + -4)
18
Calculate 73 + -82 + 24 - (-1 + 1 + -8).
23
What is the value of -7 - -4 - -6 - (6 - (3 - 16))?
-16
What is the value of (86 - 97) + (17 - 1)?
5
24 + -21 + 8 - (0 - 5 - -1)
15
What is (47 - -7 - 36) + 7 + -1?
24
What is -20 + 1 + (2 - 41) + 37?
-21
What is -15 - (-12 - (7 - 17))?
-13
Evaluate 3 + -16 + 2 + 7 + 3.
-1
-9 + (-130 - -168) + (1 - 14)
16
-13 + (13 + 6 - 9 - -2)
-1
What is the value of -13 + (-3 - (-20 - -8)) + -8?
-12
What is the value of 4